{"id":64,"date":"2025-11-02T11:07:08","date_gmt":"2025-11-02T11:07:08","guid":{"rendered":"https:\/\/rosolio.si\/?page_id=64"},"modified":"2026-02-23T20:21:11","modified_gmt":"2026-02-23T20:21:11","slug":"services-2","status":"publish","type":"page","link":"https:\/\/rosolio.si\/?page_id=64","title":{"rendered":"Predstavite se"},"content":{"rendered":"\n\n\n\n<p>Delite jo z nami in postanite del na\u0161e skupnosti.<br>Va\u0161a izku\u0161nja lahko navdihne druge in obogati na\u0161 arhiv \u017eive dedi\u0161\u010dine.<\/p>\n\n\n\n\n<p>Predstavite svoje izdelke in se pove\u017eite z ob\u010dinstvom, ki ceni izvirnost.<br>Skupaj gradimo pregledno in senzori\u010dno bogato mre\u017eo ponudnikov in ustvarjalcev.<\/p>\n\n\n\n\n<p>Objavite svoj dogodek in povabite ljubitelje vrtnic k sodelovanju.<br>Podpiramo pobude, ki negujejo stik z naravo, znanjem in skupnostjo.<\/p>\n\n\n\n\n<p>Po\u0161ljite nam svoje posnetke in soustvarjajte vizualni arhiv vrtnic.<br>Vsaka fotografija prispeva k dokumentiranju lepote in raznolikosti vrtnic.<\/p>\n\n\n\n\n\n\n<h2>kontaktirajte nas<\/h2>\n\n\n\n\n\n\n\n\n\n\n\n\n\n\n\nBODITE DEL NA\u0160E ZGODBE IN USTVARJAJTE Z NAMI.\n\n\n","protected":false},"excerpt":{"rendered":"","protected":false},"author":1,"featured_media":0,"parent":0,"menu_order":0,"comment_status":"closed","ping_status":"closed","template":"","meta":{"om_disable_all_campaigns":false,"pagelayer_contact_templates":[],"_pagelayer_content":"","_monsterinsights_skip_tracking":false,"_monsterinsights_sitenote_active":false,"_monsterinsights_sitenote_note":"","_monsterinsights_sitenote_category":0,"footnotes":""},"class_list":["post-64","page","type-page","status-publish","hentry"],"aioseo_notices":[],"_links":{"self":[{"href":"https:\/\/rosolio.si\/index.php?rest_route=\/wp\/v2\/pages\/64","targetHints":{"allow":["GET"]}}],"collection":[{"href":"https:\/\/rosolio.si\/index.php?rest_route=\/wp\/v2\/pages"}],"about":[{"href":"https:\/\/rosolio.si\/index.php?rest_route=\/wp\/v2\/types\/page"}],"author":[{"embeddable":true,"href":"https:\/\/rosolio.si\/index.php?rest_route=\/wp\/v2\/users\/1"}],"replies":[{"embeddable":true,"href":"https:\/\/rosolio.si\/index.php?rest_route=%2Fwp%2Fv2%2Fcomments&post=64"}],"version-history":[{"count":10,"href":"https:\/\/rosolio.si\/index.php?rest_route=\/wp\/v2\/pages\/64\/revisions"}],"predecessor-version":[{"id":245,"href":"https:\/\/rosolio.si\/index.php?rest_route=\/wp\/v2\/pages\/64\/revisions\/245"}],"wp:attachment":[{"href":"https:\/\/rosolio.si\/index.php?rest_route=%2Fwp%2Fv2%2Fmedia&parent=64"}],"curies":[{"name":"wp","href":"https:\/\/api.w.org\/{rel}","templated":true}]}}